{"id":1469,"date":"2022-09-12T15:16:34","date_gmt":"2022-09-12T15:16:34","guid":{"rendered":"http:\/\/son.webrt.net\/noithat\/?post_type=product&#038;p=1469"},"modified":"2022-09-12T15:16:34","modified_gmt":"2022-09-12T15:16:34","slug":"tam-tran-tha-pvc","status":"publish","type":"product","link":"https:\/\/noithat.vinastar.info\/?product=tam-tran-tha-pvc","title":{"rendered":"T\u1ea5m tr\u1ea7n th\u1ea3 PVC"},"content":{"rendered":"<p><img loading=\"lazy\" class=\"alignnone size-medium wp-image-1467\" src=\"http:\/\/noithat.thietkewebsite.me\/wp-content\/uploads\/2022\/09\/tran-tha-5-680x400.jpg\" alt=\"\" width=\"680\" height=\"400\" srcset=\"https:\/\/noithat.vinastar.info\/wp-content\/uploads\/2022\/09\/tran-tha-5-680x400.jpg 680w, https:\/\/noithat.vinastar.info\/wp-content\/uploads\/2022\/09\/tran-tha-5-600x353.jpg 600w, https:\/\/noithat.vinastar.info\/wp-content\/uploads\/2022\/09\/tran-tha-5.jpg 757w\" sizes=\"(max-width: 680px) 100vw, 680px\" \/><\/p>\n<p>&nbsp;<\/p>\n<p><strong>M\u00e3 s\u1ea3n ph\u1ea9m<\/strong>: T\u1ea5m tr\u1ea7n th\u1ea3 PVC<\/p>\n<p><strong>Quy c\u00e1ch:<\/strong> 600 * 600 mm<\/p>\n<p><strong>Chi\u1ec1u d\u00e0y:<\/strong> 7mm v\u00e0 9mm<\/p>\n<p><strong>M\u1ea7u s\u1eafc<\/strong>: C\u00e1c m\u00e0u c\u01a1 b\u1ea3n<\/p>\n<p><strong>V\u1eadt li\u1ec7u:<\/strong> T\u1ea5m tr\u1ea7n th\u1ea3 PVC \u0111\u01b0\u1ee3c s\u1ea3n xu\u1ea5t t\u1eeb PVC v\u00e0 c\u00e1c ch\u1ea5t ph\u1ee5 gia t\u1ed5ng h\u1ee3p ch\u1ed1ng l\u00e3o h\u00f3a v\u00e0 ch\u1ecbu \u0111\u01b0\u1ee3c va \u0111\u1eadp.<\/p>\n<p>&nbsp;<\/p>\n<p><strong>C\u1ea5u t\u1ea1o s\u1ea3n ph\u1ea9m:<\/strong><\/p>\n<p>S\u1ea3n xu\u1ea5t t\u1eeb PVC v\u00e0 c\u00e1c ch\u1ea5t ph\u1ee5 gia t\u1ed5ng h\u1ee3p ch\u1ed1ng l\u00e3o h\u00f3a v\u00e0 ch\u1ecbu \u0111\u01b0\u1ee3c va \u0111\u1eadp . \u0111\u01b0\u1ee3c chia l\u00e0m nhi\u1ec1u v\u00e1ch ng\u0103n c\u00f3 ch\u1ee9c n\u0103ng ch\u1ed1ng n\u00f3ng b\u1ec1 m\u1eb7t \u0111\u01b0\u1ee3c c\u00e1n m\u00e0ng Film v\u1edbi nhi\u1ec1u m\u00e0u s\u1eafc hoa v\u0103n phong ph\u00fa \u0111a d\u1ea1ng nh\u01b0 v\u00e2n g\u1ed7 v\u00e0 v\u00e2n \u0111\u00e1.<\/p>\n<p>&nbsp;<\/p>\n","protected":false},"excerpt":{"rendered":"<p><strong>\u0110\u1eb7c \u0111i\u1ec3m t\u1ea5m tr\u1ea7n th\u1ea3 PVC :<\/strong><\/p>\n<ul>\n<li>\u00a0Kh\u1ea3 n\u0103ng ch\u1ed1ng n\u01b0\u1edbc so v\u1edbi tr\u1ea7n th\u1ea1ch cao l\u00e0 \u01b0u \u0111i\u1ec3m \u0111\u1ea7u ti\u00ean khi n\u00f3i \u0111\u1ebfn s\u1ea3n ph\u1ea9m tr\u1ea7n th\u1ea3 PVC<\/li>\n<li>\u00a0Ch\u1ed1ng ch\u00e1y, ch\u1ecbu \u0111\u01b0\u1ee3c s\u1ef1 \u0103n m\u00f2n c\u1ee7a h\u00f3a ch\u1ea5t nh\u01b0 axit,..<\/li>\n<li>\u00a0\u0110a d\u1ea1ng v\u1ec1 m\u00e0u s\u1eafc v\u00e0 m\u1eabu m\u00e3<\/li>\n<li>\u00a0D\u1ec5 d\u00e0ng trong vi\u1ec7c v\u1ec7 sinh v\u00e0 lau ch\u00f9i<\/li>\n<\/ul>\n","protected":false},"featured_media":1463,"comment_status":"open","ping_status":"closed","template":"","meta":[],"_links":{"self":[{"href":"https:\/\/noithat.vinastar.info\/index.php?rest_route=\/wp\/v2\/product\/1469"}],"collection":[{"href":"https:\/\/noithat.vinastar.info\/index.php?rest_route=\/wp\/v2\/product"}],"about":[{"href":"https:\/\/noithat.vinastar.info\/index.php?rest_route=\/wp\/v2\/types\/product"}],"replies":[{"embeddable":true,"href":"https:\/\/noithat.vinastar.info\/index.php?rest_route=%2Fwp%2Fv2%2Fcomments&post=1469"}],"wp:featuredmedia":[{"embeddable":true,"href":"https:\/\/noithat.vinastar.info\/index.php?rest_route=\/wp\/v2\/media\/1463"}],"wp:attachment":[{"href":"https:\/\/noithat.vinastar.info\/index.php?rest_route=%2Fwp%2Fv2%2Fmedia&parent=1469"}],"curies":[{"name":"wp","href":"https:\/\/api.w.org\/{rel}","templated":true}]}}